 118. Let p be n(3). Suppose 0 = 1766*q - 1771*q + p. What is the thousands digit of q?
1
Suppose -36*y + 30*y = -6624. Suppose y - 6294 = -6*w. What is the tens digit of w?
6
Suppose 0 = 110*m + 155*m - 1348320. What is the tens digit of m?
8
Let g(m) = 2*m**2 - 4*m - 6. Let j be g(3). Suppose -o + 364 = -3*w - j*w, -2*w - 1807 = -5*o. Let z = -145 + o. What is the hundreds digit of z?
2
Let a(q) = -2*q**2 + 12*q**2 + 3 + 8 - 9*q**2 + 0. Let x be 20/3 + (-4)/6. What is the tens digit of a(x)?
4
Let r = 118500 + -82452. What is the ten thousands digit of r?
3
Let o be 10/315*7 + (-6494)/(-18). Let r = 736 - o. What is the units digit of r?
5
Suppose -4*j = 3*c + 4297, 6*c - c + 7158 = -3*j. Let l = -904 - c. What is the tens digit of l?
2
Let k(w) = 279*w**2 + 125*w + 127. What is the thousands digit of k(8)?
8
Suppose i - 4*q = 4382, -i + 3*q - 432 = -4816. What is the thousands digit of i?
4
Suppose 5*q - 129 - 21 = 0. Suppose -z = -30 + 26. What is the units digit of -220*6/z*(-12)/q?
2
Let w = 9132 + 1879. What is the units digit of w?
1
Suppose 7*i - 73449 + 17799 = 0. What is the tens digit of i?
5
Suppose 0 = 4*b - 3*y + y - 5420, 4*b + 5*y = 5406. Suppose 1350 = 4*i + u, 0*u = 4*i - u - b. What is the hundreds digit of i?
3
Suppose -16*u = -19*u + 42027. What is the thousands digit of u?
4
Let s = 25 - 61. What is the units digit of (638/(-8))/(9/s)?
9
Let b = -608 + 608. Suppose b = -2*k + 2*f + 1770, -1654 = 4*k + 4*f - 5218. What is the tens digit of k?
8
Suppose 101*o - 14*o = 149640. What is the thousands digit of o?
1
Let s = 3441 + -816. What is the tens digit of s?
2
Let k be (-57)/(-12)*-2*(0 + -24). Suppose -7*s + 94 = -k. Suppose -s = -5*n + 3*n. What is the tens digit of n?
2
What is the units digit of ((-4602378)/(-33) - 28)*2/4?
9
Let o(n) = n**3 + 12*n**2 + 20*n - 4. Let h(y) = 10*y + 53. Let c be h(-6). What is the hundreds digit of o(c)?
1
Suppose 3*x - 958 = 2*z - 5235, -2*x - 8574 = -4*z. What is the tens digit of z?
4
Suppose h + 10*h = 33. Suppose 0 = 4*f + h*m - 392 + 2, -2*m = -3*f + 284. What is the units digit of f?
6
Let r(j) = j**2 + 42*j - 677. What is the units digit of r(-63)?
6
Let j(a) = -a**3 + 12*a**2 + 13*a. Let x be j(13). Let m be -87*5/(-15) + x. Let f = 68 + m. What is the tens digit of f?
9
Suppose -5*n + 176 + 259 = 0. Let s = 83 - n. What is the tens digit of 510/9 + s/6?
5
Let k(a) = 6*a + 14 + 14 - 18 - 3*a**2 - a**3 + 7*a. Let p be k(-6). What is the units digit of (-2)/(-3) + (p/12 - -3)?
7
Let p(j) = -j**2 + 8*j - 7. Let h(n) = n**2 + 4*n - 14. Let z be h(-7). Let i be p(z). What is the tens digit of -2 - i/4 - -19?
1
Let u(g) = 10*g**3 + 1. Let m be u(-1). Let h be 4 + (6 - 4 - m). What is the tens digit of ((-54)/4)/(h/(-100))?
9
Suppose 13*k + 39 = -78. What is the units digit of k/(6/17*10/(-40))?
2
Let z be (-48)/360 + 4354/30. Suppose z*q = 143*q + 1696. What is the hundreds digit of q?
8
Suppose 24*d = -4*d + 24444. Let n = 1140 - d. What is the units digit of n?
7
Let q(i) = 68*i - 29. Let g be q(7). Let h = 759 - g. What is the tens digit of h?
1
Suppose 3*p + 186 = 3*m - 0*p, m + 3*p - 58 = 0. Suppose -52*o = -m*o + 3672. What is the units digit of o?
8
Suppose 130*f + 19356 = 3*s + 127*f, 0 = -5*s - 5*f + 32200. What is the thousands digit of s?
6
Let x be -1 - -3*20/15. Suppose -10*f + q = -5*f - 1874, -x*q + 1484 = 4*f. What is the hundreds digit of f?
3
Let u(b) = 8*b + 31. Let i = 120 + -64. Suppose 0 = -8*o - 16 + i. What is the units digit of u(o)?
1
Let w(i) = -7*i**2 + 3*i + 14. Let l be w(-3). Let j = l - -42. What is the hundreds digit of (-3)/2 - (2648/j + 1)?
1
Suppose -7080 = -v + 2*o, 5*v + 0*o + o = 35367. What is the tens digit of v?
7
Suppose -2 = -2*q - 4. Suppose -65*f + 51*f + 2688 = 0. What is the tens digit of 3/(6/q)*(6 - f)?
9
Let n be (-16)/(-88) + (-58218)/33. Let q = n + 2686. What is the tens digit of q?
2
Let b(o) = -16*o + 299*o**2 + 3*o**3 - 98*o**2 - 101*o**2 - 9 - 96*o**2. What is the tens digit of b(7)?
0
Suppose 0 = -235*x - 3746942 + 15467567. What is the tens digit of x?
7
Let q(d) be the third derivative of -d**5/60 + d**4/8 + 77*d**3/6 + 6*d**2. Let g = 79 + -79. What is the tens digit of q(g)?
7
Let q be (5 - 98/21)*48. Suppose 0 = -q*f + 12*f + 1916. What is the tens digit of f?
7
Let c be 22/33*(-9)/(-2). Let t(z) = -46*z**3 - 3*z**2 - 2*z + 7. Let w be t(c). What is the tens digit of w/(-20) - 2/5?
6
Let m(f) = 170*f**2 + 54*f + 255. What is the tens digit of m(-6)?
5
Suppose 114*q + 4*n = 111*q + 17, 4*n = 4*q + 24. Suppose 6*d - 3*d = 0. What is the tens digit of 37/q*(4 + d - 6)?
7
Suppose -6*x = 29*x + 58*x - 2074737. What is the ten thousands digit of x?
2
Suppose n + 153*m - 150*m - 2590 = 0, m - 5150 = -2*n. What is the units digit of n?
2
Let i(x) = 2088*x - 841. What is the thousands digit of i(5)?
9
Let v be 10 - (0/(-4))/(-5). Suppose 1020 = v*u - 4*u. What is the units digit of u?
0
Let o(m) be the third derivative of -41*m**4/24 + 35*m**3/3 - 9*m**2 - 2*m. What is the hundreds digit of o(-26)?
1
Suppose 4*r + 2*f = -3*f + 17, 0 = -4*f + 20. Let z be -2 + 2*(-33)/r. Suppose z*g - 25*g - 72 = 0. What is the tens digit of g?
1
Let x be -5 + 10 + 0 - -567. Let o = -293 + x. What is the units digit of o?
9
What is the units digit of ((-112)/(-252))/(2/16713)?
4
Let z = 12 + -8. Suppose z*i - i = 0. Suppose s - 12 - 13 = i. What is the tens digit of s?
2
Let c be 5 + 24 + (2 - 6). Suppose 111 = c*m - 22*m. What is the units digit of m?
7
Let n = -3625 - -8195. What is the tens digit of n?
7
Let z(x) = -185*x + 3913. What is the units digit of z(-80)?
3
Let y(p) = 8*p + 2. Let z be y(-1). Let h be ((-3)/(-8))/(z/(-8))*46. Suppose 5*k - h + 189 = 3*c, 4*c = 2*k + 226. What is the units digit of c?
7
Suppose 0 = 5*f - 4*l - 832, 3*l = -0*f + 2*f - 337. Let y be 4 - (f/(-1) - 0). Let v = -111 + y. What is the tens digit of v?
5
Let j(u) be the second derivative of -5/12*u**4 - 37*u + 0 + 7/2*u**2 + 1/2*u**3 + 1/20*u**5. What is the hundreds digit of j(7)?
1
Let r = 15124 - 10231. What is the hundreds digit of r?
8
Suppose 2*m - 3*t + 303 = 97, m - 5*t = -103. Let n be ((-12)/(-5))/(69/(-2185)). Let s = n - m. What is the units digit of s?
7
What is the hundreds digit of (-21024)/168*(-448)/12?
6
Let c = 13813 + -3185. What is the thousands digit of c?
0
Suppose 334 = -2*f + 314. Let v(m) = 2*m**2 - 8*m - 42. What is the hundreds digit of v(f)?
2
What is the hundreds digit of (548379/(-234) - (-2)/(-4))*-8?
7
Let s(a) = -7*a - 14. Let c(v) = v**2 - 9*v - 20. Let p be c(11). Let h be p/((-2)/(-12)*-4). What is the units digit of s(h)?
7
Let i(s) be the first derivative of s**5/60 + 149*s**3/6 + 9*s**2/2 - 2. Let t(m) be the second derivative of i(m). What is the hundreds digit of t(0)?
1
Suppose 4*p = -h + 4143, 40*p - 4*h = 44*p - 4128. What is the tens digit of p?
3
Let k(j) = -2*j**2 - 31*j - 12. Let h be k(-15). Let x be 2 + h + -5 - (-2 - -3). What is the units digit of (x + 101/(-1))*21/(-42)?
1
Let g(u) = u + 5. Let f be g(-8). Let q = 15 - f. Suppose -q - 15 = -y. What is the tens digit of y?
3
What is the thousands digit of (-12)/25*14880/144*(-35950)/20?
9
Suppose 5*h - 22*d = -19*d + 23, 0 = -4*d + 16. Let u(v) = 2*v**3 - 7*v**2 - 12*v + 22. What is the units digit of u(h)?
1
Suppose 35 = 3*h - 5*s, 8 = -5*s - 12. Let z be 643 + 4*3/3. Suppose -h*l - 202 + z = 0. What is the units digit of l?
9
What is the ten thousands digit of -9 + -8 + 5 + (-373344)/(-12)?
3
Suppose 657 = k - 4*r, -5*k - 5*r + 847 + 2413 = 0. Let a = k - 183. What is the tens digit of a?
7
Let x(f) = 6*f + 8. Let t(g) = -g + 18. Let s be t(9). Suppose s*y = 4*y + 45. What is the units digit of x(y)?
2
Let u = 9004 - 5685. Let j = -2121 + u. What is the hundreds digit of j?
1
Suppose -1688 - 2962 = -25*m. Let k = 209 - m. What is the units digit of k?
3
Let u be -2 - (-15 - (7 - 13)). Suppose -u*k = 886 - 3938. What is the hundreds digit of k?
4
Suppose 50*r - 2645747 + 780947 = 0. What is the hundreds digit of r?
2
Suppose 0 = 6*d - 0*d - 20232. Suppose -d = -9*b + 6609. What is the tens digit of b?
0
Let f be (-2*30/(-40))/(1/2). Suppose -f*d = -3*m - 246, -7*d + 4*m - 288 = -11*d. What is the units digit of d?
7
Let x(f) be the first derivative of 